95?
5, 2539
What are the prime factors of 77263?
77263
List the prime factors of 58971.
3, 11, 1787
What are the prime factors of 24380?
2, 5, 23, 53
What are the prime factors of 85384?
2, 13, 821
List the prime factors of 28601.
37, 773
List the prime factors of 15789.
3, 19, 277
List the prime factors of 70348.
2, 43, 409
What are the prime factors of 1670?
2, 5, 167
What are the prime factors of 47815?
5, 73, 131
What are the prime factors of 80?
2, 5
List the prime factors of 39288.
2, 3, 1637
List the prime factors of 817.
19, 43
What are the prime factors of 93647?
37, 2531
What are the prime factors of 33893?
33893
List the prime factors of 4385.
5, 877
List the prime factors of 1124.
2, 281
What are the prime factors of 39208?
2, 13, 29
What are the prime factors of 9670?
2, 5, 967
What are the prime factors of 542?
2, 271
List the prime factors of 4180.
2, 5, 11, 19
What are the prime factors of 215?
5, 43
What are the prime factors of 5449?
5449
What are the prime factors of 5187?
3, 7, 13, 19
List the prime factors of 257.
257
What are the prime factors of 318?
2, 3, 53
What are the prime factors of 40094?
2, 20047
What are the prime factors of 13047?
3, 4349
List the prime factors of 327.
3, 109
What are the prime factors of 1061?
1061
What are the prime factors of 16482?
2, 3, 41, 67
List the prime factors of 1516.
2, 379
List the prime factors of 6337.
6337
What are the prime factors of 4421?
4421
List the prime factors of 4660.
2, 5, 233
What are the prime factors of 563?
563
List the prime factors of 30439.
61, 499
What are the prime factors of 36719?
73, 503
List the prime factors of 919.
919
List the prime factors of 73140.
2, 3, 5, 23, 53
List the prime factors of 190.
2, 5, 19
What are the prime factors of 31059?
3, 7, 17, 29
List the prime factors of 148401.
3, 11, 1499
What are the prime factors of 5530?
2, 5, 7, 79
What are the prime factors of 38975?
5, 1559
List the prime factors of 1177.
11, 107
List the prime factors of 7277.
19, 383
List the prime factors of 419.
419
What are the prime factors of 490?
2, 5, 7
List the prime factors of 7736.
2, 967
What are the prime factors of 2491?
47, 53
What are the prime factors of 70713?
3, 97
What are the prime factors of 27312?
2, 3, 569
List the prime factors of 4796.
2, 11, 109
List the prime factors of 1303.
1303
What are the prime factors of 2227?
17, 131
List the prime factors of 104406.
2, 3, 17401
List the prime factors of 1081.
23, 47
What are the prime factors of 32139?
3, 3571
What are the prime factors of 111530?
2, 5, 19, 587
What are the prime factors of 582?
2, 3, 97
What are the prime factors of 37908?
2, 3, 13
List the prime factors of 5332.
2, 31, 43
List the prime factors of 3758.
2, 1879
List the prime factors of 892.
2, 223
List the prime factors of 7294.
2, 7, 521
List the prime factors of 178.
2, 89
What are the prime factors of 13657?
7, 1951
List the prime factors of 67844.
2, 7, 2423
What are the prime factors of 123184?
2, 7699
List the prime factors of 2253.
3, 751
What are the prime factors of 8279?
17, 487
What are the prime factors of 1108?
2, 277
What are the prime factors of 1389?
3, 463
List the prime factors of 175423.
17, 607
List the prime factors of 138.
2, 3, 23
List the prime factors of 4574.
2, 2287
What are the prime factors of 179987?
19, 9473
List the prime factors of 65224.
2, 31, 263
What are the prime factors of 3567?
3, 29, 41
What are the prime factors of 5409?
3, 601
What are the prime factors of 22730?
2, 5, 2273
List the prime factors of 13302.
2, 3, 739
What are the prime factors of 12032?
2, 47
List the prime factors of 3124.
2, 11, 71
List the prime factors of 15235.
5, 11, 277
What are the prime factors of 7010?
2, 5, 701
What are the prime factors of 1739?
37, 47
List the prime factors of 12972.
2, 3, 23, 47
List the prime factors of 635.
5, 127
List the prime factors of 14196.
2, 3, 7, 13
List the prime factors of 3740.
2, 5, 11, 17
List the prime factors of 48752.
2, 11, 277
List the prime factors of 2225.
5, 89
List the prime factors of 3867.
3, 1289
What are the prime factors of 37145?
5, 17, 19, 23
What are the prime factors of 225?
3, 5
What are the prime factors of 1065?
3, 5, 71
List the prime factors of 1917.
3, 71
List the prime factors of 246.
2, 3, 41
List the prime factors of 629.
17, 37
What are the prime factors of 1609?
1609
What are the prime factors of 7212?
2, 3, 601
List the prime factors of 6083.
7, 11, 79
List the prime factors of 3465.
3, 5, 7, 11
What are the prime factors of 1011?
3, 337
What are the prime factors of 56218?
2, 28109
What are the prime factors of 2323?
23, 101
List the prime factors of 22531.
22531
List the prime factors of 154964.
2, 19, 2039
What are the prime factors of 2496?
2, 3, 13
What are the prime factors of 1970?
2, 5, 197
List the prime factors of 2067.
3, 13, 53
List the prime factors of 9801.
3, 11
List the prime factors of 554.
2, 277
List the prime factors of 14238.
2, 3, 7, 113
List the prime factors of 20829.
3, 53, 131
What are the prime factors of 42989?
42989
What are the prime factors of 5992?
2, 7, 107
What are the prime factors of 42907?
107, 401
List the prime factors of 9458.
2, 4729
List the prime factors of 5771.
29, 199
What are the prime factors of 19434?
2, 3, 41, 79
List the prime factors of 52900.
2, 5, 23
What are the prime factors of 807?
3, 269
List the prime factors of 2672.
2, 167
List the prime factors of 24749.
24749
What are the prime factors of 264?
2, 3, 11
What are the prime factors of 33614?
2, 7
List the prime factors of 16504.
2, 2063
List the prime factors of 10888.
2, 1361
List the prime factors of 32425.
5, 1297
List the prime factors of 75786.
2, 3, 17, 743
List the prime factors of 78.
2, 3, 13
List the prime factors of 80730.
2, 3, 5, 13, 23
What are the prime factors of 3416?
2, 7, 61
List the prime factors of 6961.
6961
List the prime factors of 9080.
2, 5, 227
What are the prime factors of 50240?
2, 5, 157
List the prime factors of 12555.
3, 5, 31
List the prime factors of 640.
2, 5
List the prime factors of 18469.
11, 23, 73
List the prime factors of 444.
2, 3, 37
What are the prime factors of 831?
3, 277
What are the prime factors of 2647?
2647
What are the prime factors of 481?
13, 37
What are the prime factors of 258?
2, 3, 43
List the prime factors of 47535.
3, 5, 3169
What are the prime factors of 2458?
2, 1229
What are the prime factors of 39835?
5, 31, 257
List the prime factors of 1909.
23, 83
What are the prime factors of 10488?
2, 3, 19, 23
List the prime factors of 1957.
19, 103
List the prime factors of 64261.
179, 359
List the prime factors of 2171.
13, 167
What are the prime factors of 3554?
2, 1777
What are the prime factors of 1485?
3, 5, 11
What are the prime factors of 4682?
2, 2341
List the prime factors of 117669.
3, 61, 643
What are the prime factors of 24830?
2, 5, 13, 191
What are the prime factors of 116?
2, 29
What are the prime factors of 505?
5, 101
List the prime factors of 19619.
23, 853
List the prime factors of 2499.
3, 7, 17
List the prime factors of 49333.
49333
List the prime factors of 56332.
2, 14083
What are the prime factors of 18739?
7, 2677
List the prime factors of 15435.
3, 5, 7
List the prime factors of 11610.
2, 3, 5, 43
What are the prime factors of 101373?
3, 33791
What are the prime factors of 12819?
3, 4273
What are the prime factors of 2264?
2, 283
What are the prime factors of 9396?
2, 3, 29
What are the prime factors of 1721?
1721
List the prime factors of 242.
2, 11
List the prime factors of 1163.
1163
List the prime factors of 1575.
3, 5, 7
List the prime factors of 42956.
2, 10739
List the prime factors of 1083.
3, 19
List the prime factors of 119.
7, 17
What are the prime factors of 3544?
2, 443
What are the prime factors of 42?
2, 3, 7
What are the prime factors of 236?
2, 59
List the prime factors of 598.
2, 13, 23
What are the prime factors of 5711?
5711
List the prime factors of 17825.
5, 23, 31
What are the prime factors of 1960?
2, 5, 7
What are the prime factors of 1325?
5, 53
List the prime factors of 4882.
2, 2441
What are the prime factors of 1608?
2, 3, 67
What are the prime factors of 12602?
2, 6301
What are the prime factors of 517?
11, 47
What are the 